{"id":88,"date":"2016-12-11T10:13:27","date_gmt":"2016-12-11T10:13:27","guid":{"rendered":"http:\/\/motel-tosanovice.cz\/?page_id=88"},"modified":"2026-01-05T15:37:46","modified_gmt":"2026-01-05T15:37:46","slug":"ceny","status":"publish","type":"page","link":"https:\/\/motel-tosanovice.cz\/?page_id=88","title":{"rendered":"Ceny"},"content":{"rendered":"\n<div class=\"wp-block-columns is-layout-flex wp-container-core-columns-layout-1 wp-block-columns-is-layout-flex\">\n<div class=\"wp-block-column is-layout-flow wp-block-column-is-layout-flow\" style=\"flex-basis:100%\">\n<div class=\"wp-block-group is-layout-flow wp-block-group-is-layout-flow\"><div class=\"wp-block-group__inner-container\">\n<ul>\n<li><strong>1400 K\u010d\/noc<\/strong> za dvojl\u016f\u017ekov\u00fd pokoj<\/li>\n\n\n\n<li><strong>2100 K\u010d\/noc<\/strong> za trojl\u016f\u017ekov\u00fd pokoj<\/li>\n\n\n\n<li><strong>Plat\u00ed tak\u00e9 ceny dle dohody a moment\u00e1ln\u00ed obsazenosti.<\/strong><\/li>\n\n\n\n<li>V p\u0159\u00edpad\u011b dlouhodob\u00e9ho ubytovan\u00ed (nap\u0159. zam\u011bstnanc\u016f) individu\u00e1ln\u00ed dohoda ceny.<\/li>\n<\/ul>\n\n\n\n<h2 class=\"wp-block-heading\">Nab\u00edjec\u00ed stanice pro elektromobily 22kW <\/h2>\n\n\n\n<div class=\"wp-block-group is-layout-constrained wp-block-group-is-layout-constrained\"><div class=\"wp-block-group__inner-container\">\n<ul>\n<li>Pro hotelov\u00e9 hosty: <strong>9k\u010d\/kW<\/strong><\/li>\n\n\n\n<li>Pro ve\u0159ejnost: <strong>12k\u010d\/kW<\/strong><\/li>\n<\/ul>\n<\/div><\/div>\n<\/div><\/div>\n<\/div>\n<\/div>\n\n\n\n<div class=\"wp-block-group is-layout-flow wp-block-group-is-layout-flow\"><div class=\"wp-block-group__inner-container\">\n<div class=\"wp-block-group is-layout-flow wp-block-group-is-layout-flow\"><div class=\"wp-block-group__inner-container\">\n<ul>\n<li>Gar\u00e1\u017eov\u00e9 st\u00e1n\u00ed cena dle dohody (mo\u017enost i uskladn\u011bn\u00ed materi\u00e1lu a n\u00e1\u0159ad\u00ed)<\/li>\n\n\n\n<li>P\u0159i platb\u011b mo\u017eno pou\u017e\u00edt platebn\u00ed karty VISA, EUROCARD-MASTERCARD<\/li>\n<\/ul>\n<\/div><\/div>\n<\/div><\/div>\n\n\n\n<h2 class=\"wp-block-heading\">Storno poplatky:<\/h2>\n\n\n\n<div class=\"wp-block-group is-layout-flow wp-block-group-is-layout-flow\"><div class=\"wp-block-group__inner-container\">\n<ul>\n<li>7 a v\u00edce dn\u016f p\u0159ed p\u0159\u00edjezdem: bez storno poplatk\u016f<\/li>\n\n\n\n<li>6-2 dny p\u0159ed p\u0159\u00edjezdem: storno poplatek ve v\u00fd\u0161i 50%<\/li>\n\n\n\n<li>1 den p\u0159ed p\u0159\u00edjezdem: storno poplatek ve v\u00fd\u0161i 70%<\/li>\n\n\n\n<li>V den p\u0159\u00edjezdu: storno poplatek ve v\u00fd\u0161i 100%<\/li>\n<\/ul>\n<\/div><\/div>\n\n\n\n<h2 class=\"wp-block-heading\">Restaurace:<\/h2>\n\n\n\n<div class=\"wp-block-group is-layout-flow wp-block-group-is-layout-flow\"><div class=\"wp-block-group__inner-container\">\n<ul>\n<li>Sn\u00eddan\u011b,<\/li>\n\n\n\n<li>Ob\u011bdy<\/li>\n\n\n\n<li>Ve\u010de\u0159e<\/li>\n\n\n\n<li>Denn\u00ed menu pod\u00e1v\u00e1me od 10:00 do 20:00<\/li>\n<\/ul>\n<\/div><\/div>\n\n\n\n<div id=\"_HotelczCertificate-Box\" class=\"_right-side\" data-hash=\"8241\" data-seo=\"motel-tosanovice\"><a id=\"_HC-HotelLink\" title=\"Motel To\u0161anovice\" href=\"https:\/\/motel-tosanovice.hotel.cz\/\">Motel To\u0161anovice<\/a><br><a id=\"_HC-TownLink\" title=\"Hotely a Ubytov\u00e1n\u00ed Doln\u00ed To\u0161anovice\" href=\"https:\/\/www.hotel.cz\/dolni-tosanovice\/\">v Doln\u00edch To\u0161anovic\u00edch<\/a><br><a id=\"_HC-ReviewLink\" href=\"https:\/\/motel-tosanovice.hotel.cz\/reviews\/\">hodnocen\u00ed<\/a><\/div>\n\n\n\n<p><script type=\"text\/javascript\"><br \/>\n    (function (d, s) {<br \/>\n        var e = d.createElement(s); e.type = 'text\/javascript'; e.async = true;<br \/>\n        e.src = '\/\/www.hotel.cz\/hotelcz\/scripts\/external\/certificate-2.0.min.js';<br \/>\n        var t = d.getElementsByTagName(s)[0]; t.parentNode.insertBefore(e, t);<br \/>\n    }(document, 'script'));<br \/>\n<\/script><\/p>\n","protected":false},"excerpt":{"rendered":"<p>Nab\u00edjec\u00ed stanice pro elektromobily 22kW Storno poplatky: Restaurace: Motel To\u0161anovicev Doln\u00edch To\u0161anovic\u00edchhodnocen\u00ed<\/p>\n","protected":false},"author":1,"featured_media":0,"parent":0,"menu_order":0,"comment_status":"closed","ping_status":"closed","template":"","meta":{"_monsterinsights_skip_tracking":false,"_monsterinsights_sitenote_active":false,"_monsterinsights_sitenote_note":"","_monsterinsights_sitenote_category":0,"ngg_post_thumbnail":0,"footnotes":""},"aioseo_notices":[],"_links":{"self":[{"href":"https:\/\/motel-tosanovice.cz\/index.php?rest_route=\/wp\/v2\/pages\/88"}],"collection":[{"href":"https:\/\/motel-tosanovice.cz\/index.php?rest_route=\/wp\/v2\/pages"}],"about":[{"href":"https:\/\/motel-tosanovice.cz\/index.php?rest_route=\/wp\/v2\/types\/page"}],"author":[{"embeddable":true,"href":"https:\/\/motel-tosanovice.cz\/index.php?rest_route=\/wp\/v2\/users\/1"}],"replies":[{"embeddable":true,"href":"https:\/\/motel-tosanovice.cz\/index.php?rest_route=%2Fwp%2Fv2%2Fcomments&post=88"}],"version-history":[{"count":42,"href":"https:\/\/motel-tosanovice.cz\/index.php?rest_route=\/wp\/v2\/pages\/88\/revisions"}],"predecessor-version":[{"id":1107,"href":"https:\/\/motel-tosanovice.cz\/index.php?rest_route=\/wp\/v2\/pages\/88\/revisions\/1107"}],"wp:attachment":[{"href":"https:\/\/motel-tosanovice.cz\/index.php?rest_route=%2Fwp%2Fv2%2Fmedia&parent=88"}],"curies":[{"name":"wp","href":"https:\/\/api.w.org\/{rel}","templated":true}]}}